{"id":74,"date":"2024-05-20T23:54:27","date_gmt":"2024-05-20T23:54:27","guid":{"rendered":"https:\/\/allianzingecon.cl\/?page_id=74"},"modified":"2024-07-12T16:59:12","modified_gmt":"2024-07-12T16:59:12","slug":"nosotros","status":"publish","type":"page","link":"https:\/\/allianzingecon.cl\/index.php\/nosotros\/","title":{"rendered":"Nosotros"},"content":{"rendered":"\n\t<section class=\"section\" id=\"section_992931159\">\n\t\t<div class=\"bg section-bg fill bg-fill  \" >\n\n\t\t\t\n\t\t\t\n\t\t\t\n\n\t\t<\/div>\n\n\t\t<div class=\"section-content relative\">\n\t\t\t\n\n<div class=\"container section-title-container\" ><h2 class=\"section-title section-title-normal\"><b><\/b><span class=\"section-title-main\" style=\"font-size:161%;color:rgb(155, 154, 56);\">nosotros<\/span><b><\/b><\/h2><\/div>\n\n\n\t\t<\/div>\n\n\t\t\n<style>\n#section_992931159 {\n  padding-top: 30px;\n  padding-bottom: 30px;\n  min-height: 400px;\n}\n#section_992931159 .section-bg.bg-loaded {\n  background-image: url(https:\/\/allianzingecon.cl\/wp-content\/uploads\/2024\/07\/luke-van-zyl-koH7IVuwRLw-unsplash.jpg);\n}\n@media (min-width:550px) {\n  #section_992931159 {\n    min-height: 600px;\n  }\n}\n<\/style>\n\t<\/section>\n\t\n\t<section class=\"section\" id=\"section_1090041659\">\n\t\t<div class=\"bg section-bg fill bg-fill  bg-loaded\" >\n\n\t\t\t\n\t\t\t\n\t\t\t\n\n\t\t<\/div>\n\n\t\t<div class=\"section-content relative\">\n\t\t\t\n\n<div class=\"row row-collapse row-full-width\"  id=\"row-1145607769\">\n\n\n\t<div id=\"col-1214901076\" class=\"col small-12 large-12\"  >\n\t\t\t\t<div class=\"col-inner\"  >\n\t\t\t\n\t\t\t\n\n\n\t\t<\/div>\n\t\t\t\t\n<style>\n#col-1214901076 > .col-inner {\n  margin: -130px 0px 0px 0px;\n}\n@media (min-width:850px) {\n  #col-1214901076 > .col-inner {\n    margin: -100px 0px 0px 0px;\n  }\n}\n<\/style>\n\t<\/div>\n\n\t\n\n<\/div>\n\n\t\t<\/div>\n\n\t\t\n<style>\n#section_1090041659 {\n  padding-top: 30px;\n  padding-bottom: 30px;\n}\n<\/style>\n\t<\/section>\n\t\n\t<section class=\"section\" id=\"section_1387571159\">\n\t\t<div class=\"bg section-bg fill bg-fill  bg-loaded\" >\n\n\t\t\t\n\t\t\t\n\t\t\t\n\n\t\t<\/div>\n\n\t\t<div class=\"section-content relative\">\n\t\t\t\n\n<div class=\"row\"  id=\"row-1286803267\">\n\n\n\t<div id=\"col-1008219188\" class=\"col small-12 large-12\"  >\n\t\t\t\t<div class=\"col-inner\"  >\n\t\t\t\n\t\t\t\n\n<div class=\"row\"  id=\"row-1360634431\">\n\n\n\t<div id=\"col-1851713396\" class=\"col medium-3 small-12 large-3\"  >\n\t\t\t\t<div class=\"col-inner\"  >\n\t\t\t\n\t\t\t\n\n\t<div id=\"text-296838580\" class=\"text\">\n\t\t\n\n<h2>Visi\u00f3n<\/h2>\n\t\t\n<style>\n#text-296838580 {\n  font-size: 2rem;\n  color: #d26e4b;\n}\n#text-296838580 > * {\n  color: #d26e4b;\n}\n<\/style>\n\t<\/div>\n\t\n\n\t\t<\/div>\n\t\t\t\t\t<\/div>\n\n\t\n\n<\/div>\n\t<div id=\"text-2354433399\" class=\"text\">\n\t\t\n\n<p>Entregar servicios de gesti\u00f3n integral de proyectos y construcci\u00f3n a empresas p\u00fablicas y privadas en el \u00e1rea inmobiliaria y de infraestructura, asesorando a nuestros clientes para desarrollar una relaci\u00f3n de calidad y confianza con los clientes y colaboradores, asegurando as\u00ed el \u00e9xito de los proyectos.<\/p>\n\t\t\n<style>\n#text-2354433399 {\n  font-size: 1.05rem;\n}\n<\/style>\n\t<\/div>\n\t\n<div class=\"is-divider divider clearfix\" style=\"max-width:300px;background-color:rgba(0, 0, 0, 0.5);\"><\/div>\n\n\n\t\t<\/div>\n\t\t\t\t\t<\/div>\n\n\t\n\n<\/div>\n<div class=\"is-divider divider clearfix\" style=\"max-width:14px;\"><\/div>\n\n<div class=\"row\"  id=\"row-1667536670\">\n\n\n\t<div id=\"col-1947487446\" class=\"col medium-4 small-12 large-4\"  >\n\t\t\t\t<div class=\"col-inner\"  >\n\t\t\t\n\t\t\t\n\n\t<div id=\"text-3585479090\" class=\"text\">\n\t\t\n\n<h2>Misi\u00f3n<\/h2>\n\t\t\n<style>\n#text-3585479090 {\n  font-size: 2rem;\n}\n<\/style>\n\t<\/div>\n\t\n\n\t\t<\/div>\n\t\t\t\t\t<\/div>\n\n\t\n\n<\/div>\n<div class=\"row\"  id=\"row-275056640\">\n\n\n\t<div id=\"col-1453124874\" class=\"col small-12 large-12\"  >\n\t\t\t\t<div class=\"col-inner\"  >\n\t\t\t\n\t\t\t\n\n<p>Establecernos en el mercado nacional como una empresa de confianza y prestigio en el \u00e1rea de gesti\u00f3n integral de proyectos y construcci\u00f3n. Lograr tener proyectos eficientes junto a nuestros clientes, bas\u00e1ndonos en un servicio personalizado, el buen desarrollo de nuestro trabajo y en las buenas relaciones; lo cual nos acerca a la excelencia.<\/p>\n\n\t\t<\/div>\n\t\t\t\t\t<\/div>\n\n\t\n\n<\/div>\n<div class=\"row align-right\" style=\"max-width:1300px\" id=\"row-1639758349\">\n\n\n\t<div id=\"col-1750214537\" class=\"col medium-11 small-12 large-7\"  >\n\t\t\t\t<div class=\"col-inner\"  >\n\t\t\t\n\t\t\t\n\n\t<div id=\"gap-64450496\" class=\"gap-element clearfix\" style=\"display:block; height:auto;\">\n\t\t\n<style>\n#gap-64450496 {\n  padding-top: 75px;\n}\n<\/style>\n\t<\/div>\n\t\n\n\n\t\t<\/div>\n\t\t\t\t\n<style>\n#col-1750214537 > .col-inner {\n  padding: 0px 0px 0px 30px;\n  margin: -490px 0px 0px 0px;\n}\n@media (min-width:550px) {\n  #col-1750214537 > .col-inner {\n    padding: 0px 150px 0px 0px;\n    margin: -450px 0px 0px 0px;\n  }\n}\n@media (min-width:850px) {\n  #col-1750214537 > .col-inner {\n    padding: 0 0px 0px 0px;\n    margin: -450px 0px 0px 0px;\n  }\n}\n<\/style>\n\t<\/div>\n\n\t\n\n<\/div>\n\n\t\t<\/div>\n\n\t\t\n<style>\n#section_1387571159 {\n  padding-top: 30px;\n  padding-bottom: 30px;\n}\n<\/style>\n\t<\/section>\n\t\n\n","protected":false},"excerpt":{"rendered":"","protected":false},"author":1,"featured_media":0,"parent":0,"menu_order":0,"comment_status":"closed","ping_status":"closed","template":"page-blank.php","meta":{"footnotes":""},"class_list":["post-74","page","type-page","status-publish","hentry"],"yoast_head":"<!-- This site is optimized with the Yoast SEO plugin v27.3 - https:\/\/yoast.com\/product\/yoast-seo-wordpress\/ -->\n<title>Nosotros - Allianz Ingenier\u00eda y Construcci\u00f3n<\/title>\n<meta name=\"description\" content=\"Somos una empresa de construcci\u00f3n y gesti\u00f3n de proyectos.\" \/>\n<meta name=\"robots\" content=\"index, follow, max-snippet:-1, max-image-preview:large, max-video-preview:-1\" \/>\n<link rel=\"canonical\" href=\"https:\/\/allianzingecon.cl\/index.php\/nosotros\/\" \/>\n<meta property=\"og:locale\" content=\"es_ES\" \/>\n<meta property=\"og:type\" content=\"article\" \/>\n<meta property=\"og:title\" content=\"Nosotros - Allianz Ingenier\u00eda y Construcci\u00f3n\" \/>\n<meta property=\"og:description\" content=\"Somos una empresa de construcci\u00f3n y gesti\u00f3n de proyectos.\" \/>\n<meta property=\"og:url\" content=\"https:\/\/allianzingecon.cl\/index.php\/nosotros\/\" \/>\n<meta property=\"og:site_name\" content=\"Allianz Ingenier\u00eda y Construcci\u00f3n\" \/>\n<meta property=\"article:modified_time\" content=\"2024-07-12T16:59:12+00:00\" \/>\n<meta name=\"twitter:card\" content=\"summary_large_image\" \/>\n<script type=\"application\/ld+json\" class=\"yoast-schema-graph\">{\"@context\":\"https:\\\/\\\/schema.org\",\"@graph\":[{\"@type\":\"WebPage\",\"@id\":\"https:\\\/\\\/allianzingecon.cl\\\/index.php\\\/nosotros\\\/\",\"url\":\"https:\\\/\\\/allianzingecon.cl\\\/index.php\\\/nosotros\\\/\",\"name\":\"Nosotros - Allianz Ingenier\u00eda y Construcci\u00f3n\",\"isPartOf\":{\"@id\":\"https:\\\/\\\/allianzingecon.cl\\\/#website\"},\"datePublished\":\"2024-05-20T23:54:27+00:00\",\"dateModified\":\"2024-07-12T16:59:12+00:00\",\"description\":\"Somos una empresa de construcci\u00f3n y gesti\u00f3n de proyectos.\",\"breadcrumb\":{\"@id\":\"https:\\\/\\\/allianzingecon.cl\\\/index.php\\\/nosotros\\\/#breadcrumb\"},\"inLanguage\":\"es\",\"potentialAction\":[{\"@type\":\"ReadAction\",\"target\":[\"https:\\\/\\\/allianzingecon.cl\\\/index.php\\\/nosotros\\\/\"]}]},{\"@type\":\"BreadcrumbList\",\"@id\":\"https:\\\/\\\/allianzingecon.cl\\\/index.php\\\/nosotros\\\/#breadcrumb\",\"itemListElement\":[{\"@type\":\"ListItem\",\"position\":1,\"name\":\"Portada\",\"item\":\"https:\\\/\\\/allianzingecon.cl\\\/\"},{\"@type\":\"ListItem\",\"position\":2,\"name\":\"Nosotros\"}]},{\"@type\":\"WebSite\",\"@id\":\"https:\\\/\\\/allianzingecon.cl\\\/#website\",\"url\":\"https:\\\/\\\/allianzingecon.cl\\\/\",\"name\":\"Allianz Ingenier\u00eda y Construcci\u00f3n\",\"description\":\"\",\"potentialAction\":[{\"@type\":\"SearchAction\",\"target\":{\"@type\":\"EntryPoint\",\"urlTemplate\":\"https:\\\/\\\/allianzingecon.cl\\\/?s={search_term_string}\"},\"query-input\":{\"@type\":\"PropertyValueSpecification\",\"valueRequired\":true,\"valueName\":\"search_term_string\"}}],\"inLanguage\":\"es\"}]}<\/script>\n<!-- \/ Yoast SEO plugin. -->","yoast_head_json":{"title":"Nosotros - Allianz Ingenier\u00eda y Construcci\u00f3n","description":"Somos una empresa de construcci\u00f3n y gesti\u00f3n de proyectos.","robots":{"index":"index","follow":"follow","max-snippet":"max-snippet:-1","max-image-preview":"max-image-preview:large","max-video-preview":"max-video-preview:-1"},"canonical":"https:\/\/allianzingecon.cl\/index.php\/nosotros\/","og_locale":"es_ES","og_type":"article","og_title":"Nosotros - Allianz Ingenier\u00eda y Construcci\u00f3n","og_description":"Somos una empresa de construcci\u00f3n y gesti\u00f3n de proyectos.","og_url":"https:\/\/allianzingecon.cl\/index.php\/nosotros\/","og_site_name":"Allianz Ingenier\u00eda y Construcci\u00f3n","article_modified_time":"2024-07-12T16:59:12+00:00","twitter_card":"summary_large_image","schema":{"@context":"https:\/\/schema.org","@graph":[{"@type":"WebPage","@id":"https:\/\/allianzingecon.cl\/index.php\/nosotros\/","url":"https:\/\/allianzingecon.cl\/index.php\/nosotros\/","name":"Nosotros - Allianz Ingenier\u00eda y Construcci\u00f3n","isPartOf":{"@id":"https:\/\/allianzingecon.cl\/#website"},"datePublished":"2024-05-20T23:54:27+00:00","dateModified":"2024-07-12T16:59:12+00:00","description":"Somos una empresa de construcci\u00f3n y gesti\u00f3n de proyectos.","breadcrumb":{"@id":"https:\/\/allianzingecon.cl\/index.php\/nosotros\/#breadcrumb"},"inLanguage":"es","potentialAction":[{"@type":"ReadAction","target":["https:\/\/allianzingecon.cl\/index.php\/nosotros\/"]}]},{"@type":"BreadcrumbList","@id":"https:\/\/allianzingecon.cl\/index.php\/nosotros\/#breadcrumb","itemListElement":[{"@type":"ListItem","position":1,"name":"Portada","item":"https:\/\/allianzingecon.cl\/"},{"@type":"ListItem","position":2,"name":"Nosotros"}]},{"@type":"WebSite","@id":"https:\/\/allianzingecon.cl\/#website","url":"https:\/\/allianzingecon.cl\/","name":"Allianz Ingenier\u00eda y Construcci\u00f3n","description":"","potentialAction":[{"@type":"SearchAction","target":{"@type":"EntryPoint","urlTemplate":"https:\/\/allianzingecon.cl\/?s={search_term_string}"},"query-input":{"@type":"PropertyValueSpecification","valueRequired":true,"valueName":"search_term_string"}}],"inLanguage":"es"}]}},"_links":{"self":[{"href":"https:\/\/allianzingecon.cl\/index.php\/wp-json\/wp\/v2\/pages\/74","targetHints":{"allow":["GET"]}}],"collection":[{"href":"https:\/\/allianzingecon.cl\/index.php\/wp-json\/wp\/v2\/pages"}],"about":[{"href":"https:\/\/allianzingecon.cl\/index.php\/wp-json\/wp\/v2\/types\/page"}],"author":[{"embeddable":true,"href":"https:\/\/allianzingecon.cl\/index.php\/wp-json\/wp\/v2\/users\/1"}],"replies":[{"embeddable":true,"href":"https:\/\/allianzingecon.cl\/index.php\/wp-json\/wp\/v2\/comments?post=74"}],"version-history":[{"count":5,"href":"https:\/\/allianzingecon.cl\/index.php\/wp-json\/wp\/v2\/pages\/74\/revisions"}],"predecessor-version":[{"id":151,"href":"https:\/\/allianzingecon.cl\/index.php\/wp-json\/wp\/v2\/pages\/74\/revisions\/151"}],"wp:attachment":[{"href":"https:\/\/allianzingecon.cl\/index.php\/wp-json\/wp\/v2\/media?parent=74"}],"curies":[{"name":"wp","href":"https:\/\/api.w.org\/{rel}","templated":true}]}}